{"version":1,"type":"rich","width":426,"height":240,"title":"\u00bfProsegur est\u00e1 da\u00f1ando la Marca Espa\u00f1a en el extranjero?","url":"https:\/\/iride.servizicgil.it\/channel\/IRIDETV\/video\/521\/%C2%BFProsegur-esta-danando-la-Marca-Espana-en-el-extranjero_521","provider_name":"IRIDE CGIL Lombardia","provider_url":"https:\/\/iride.servizicgil.it\/","html":"<div class=\"embed-responsive embed-responsive-16by9\" style=\"position: relative;padding-bottom: 56.25% !important;\"><iframe width=\"640\" height=\"360\" style=\"max-width: 100%;max-height: 100%; border:none;position: absolute;top: 0;left: 0;width: 100%; height: 100%;\" src=\"https:\/\/iride.servizicgil.it\/channel\/IRIDETV\/videoEmbed\/521\/%C2%BFProsegur-esta-danando-la-Marca-Espana-en-el-extranjero_521?modestbranding=1&showinfo=1&autoplay=&controls=1&loop=&mute=&t=0&objectFit=\" frameborder=\"0\" allow=\"fullscreen;autoplay;camera *;microphone *;\" allowfullscreen=\"allowfullscreen\" mozallowfullscreen=\"mozallowfullscreen\" msallowfullscreen=\"msallowfullscreen\" oallowfullscreen=\"oallowfullscreen\" webkitallowfullscreen=\"webkitallowfullscreen\" scrolling=\"no\" videoLengthInSeconds=\"{videoLengthInSeconds}\">iFrame is not supported!<\/iframe><\/div>"}

¿Prosegur está dañando la Marca España en el extranjero?
